e the highest common divisor of 10011 and 1775.
71
Calculate the greatest common divisor of 776 and 648.
8
Calculate the greatest common divisor of 240 and 1340580.
60
Calculate the highest common factor of 466740 and 72.
36
Calculate the greatest common divisor of 6215 and 7205.
55
What is the highest common factor of 148 and 453916?
148
What is the greatest common factor of 18 and 1788174?
18
Calculate the greatest common divisor of 42258 and 24.
6
What is the highest common divisor of 192268 and 1420?
284
Calculate the highest common factor of 33 and 38357.
11
Calculate the highest common factor of 543414 and 3102.
282
Calculate the highest common factor of 17440 and 450.
10
Calculate the highest common divisor of 51 and 1103.
1
Calculate the highest common divisor of 23750 and 2546.
38
Calculate the greatest common factor of 22 and 206.
2
What is the greatest common divisor of 4879 and 193725?
287
What is the highest common divisor of 49926 and 2544?
318
Calculate the highest common factor of 852 and 10860657.
213
What is the greatest common factor of 356 and 9345?
89
Calculate the greatest common factor of 412274 and 278.
278
What is the highest common factor of 193338 and 27?
9
Calculate the greatest common factor of 70068 and 36.
12
What is the highest common factor of 8070 and 420?
30
Calculate the highest common divisor of 2494 and 9686.
58
What is the highest common divisor of 504 and 102636?
36
What is the highest common divisor of 31660 and 60?
20
Calculate the greatest common factor of 616 and 38584.
56
What is the greatest common factor of 2553593 and 35?
7
What is the highest common factor of 81 and 1341468?
27
What is the highest common divisor of 12903 and 935?
187
What is the greatest common factor of 352 and 329824?
352
What is the greatest common factor of 10 and 163616?
2
Calculate the highest common divisor of 235161 and 1044.
261
Calculate the greatest common divisor of 3002 and 532.
38
What is the highest common factor of 450 and 74350?
50
What is the greatest common factor of 285 and 34305?
15
What is the greatest common factor of 1008 and 672?
336
What is the highest common factor of 448 and 826?
14
What is the greatest common factor of 25722 and 90?
18
Calculate the highest common factor of 28231 and 14.
7
Calculate the greatest common divisor of 2718 and 41.
1
Calculate the greatest common divisor of 1430366 and 994.
994
What is the greatest common factor of 8358 and 168?
42
Calculate the greatest common divisor of 36750 and 10878.
294
What is the greatest common factor of 14059 and 52101?
827
What is the greatest common divisor of 908769 and 1038?
519
What is the greatest common divisor of 323 and 9877?
17
What is the greatest common divisor of 1413 and 1359?
9
What is the greatest common divisor of 3843162 and 54?
18
What is the highest common divisor of 88 and 194282?
22
What is the greatest common factor of 3575 and 33?
11
Calculate the highest common divisor of 154260 and 9.
9
What is the highest common divisor of 8010426 and 6?
6
What is the greatest common divisor of 56 and 6041?
7
What is the greatest common divisor of 95112 and 216?
72
What is the greatest common factor of 322 and 49182?
14
What is the highest common divisor of 139830 and 79?
79
Calculate the greatest common divisor of 4655 and 11123.
49
Calculate the highest common divisor of 45348 and 8.
4
Calculate the greatest common divisor of 17083 and 99.
11
What is the greatest common divisor of 22000 and 290?
10
Calculate the greatest common divisor of 719798 and 142.
142
What is the highest common factor of 244489 and 15157?
659
Calculate the highest common divisor of 21942 and 3726.
414
What is the greatest common divisor of 62 and 137671?
31
Calculate the greatest common factor of 384 and 204288.
384
Calculate the highest common factor of 176 and 210408.
88
Calculate the greatest common factor of 1426 and 10736354.
1426
Calculate the highest common divisor of 46534 and 212.
106
Calculate the greatest common factor of 1343 and 948.
79
Calculate the greatest common factor of 74195 and 11.
11
What is the highest common divisor of 1872 and 2223?
117
What is the greatest common divisor of 21 and 73506?
3
What is the greatest common factor of 33 and 15970383?
33
What is the highest common factor of 320426 and 262?
262
What is the highest common divisor of 938 and 1059002?
938
What is the highest common factor of 59343 and 302?
151
What is the greatest common factor of 30 and 1832730?
30
What is the greatest common divisor of 15440 and 5983?
193
What is the greatest common divisor of 85263 and 36957?
291
What is the greatest common divisor of 49 and 11781021?
49
What is the highest common factor of 1218456 and 297?
27
What is the highest common factor of 68050 and 70?
10
What is the highest common factor of 34886360 and 40?
40
What is the highest common factor of 1022 and 11914?
14
Calculate the greatest common factor of 2369 and 118473.
23
Calculate the greatest common divisor of 605585 and 1085.
155
Calculate the highest common factor of 30984 and 216.
24
Calculate the highest common factor of 3211 and 1425.
19
What is the highest common factor of 1701 and 1377?
81
Calculate the highest common factor of 37750 and 6946.
302
Calculate the highest common factor of 92368 and 1104.
368
Calculate the highest common factor of 5 and 6967.
1
Calculate the greatest common factor of 93 and 187674.
93
Calculate the greatest common divisor of 1 and 1483.
1
What is the highest common factor of 10 and 68435?
5
What is the greatest common divisor of 189 and 15246?
63
What is the greatest common divisor of 2752029 and 126?
63
What is the greatest common factor of 7261 and 477?
53
Calculate the highest common divisor of 125889 and 232.
29
What is the greatest common factor of 2592 and 17604?
108
Calculate the greatest common divisor of 38 and 648.
2
What is the greatest common divisor of 496 and 401512?
248
Calculate the greatest common factor of 48 and 134664.
24
Calculate the greatest common factor of 20284 and 176.
44
Calculate the greatest common divisor of 27 and 5559.
3
Calculate the highest common factor of 2001 and 270222.
87
Calculate the highest common factor of 8788 and 82.
2
What is the highest common factor of 96 and 31748?
4
Calculate the highest common divisor of 1711324 and 74.
74
What is the highest common factor of 6766 and 3638?
34
What is the highest common divisor of 522 and 9612?
18
What is the greatest common factor of 70285 and 15?
5
Calculate the highest common divisor of 130 and 5056454.
26
What is the greatest common divisor of 303684 and 24?
12
Calculate the highest common divisor of 4255 and 2485.
5
What is the highest common factor of 2919298 and 138?
46
Calculate the greatest common divisor of 377 and 8161673.
377
What is the greatest common factor of 72 and 197424?
72
Calculate the highest common divisor of 77 and 34199.
11
Calculate the greatest common divisor of 28486 and 34.
2
What is the highest common factor of 261108 and 1692?
36
What is the highest common factor of 112 and 330008?
56
Calculate the greatest common factor of 44 and 315150.
22
Calculate the greatest common divisor of 85540 and 364.
364
What is the highest common divisor of 162903 and 1599?
39
What is the greatest common factor of 1672 and 5038?
22
Calculate the highest common divisor of 3954 and 102.
6
What is the greatest common factor of 116 and 4515648?
116
What is the highest common factor of 284 and 298484?
284
Calculate the highest common divisor of 297749 and 57.
19
What is the highest common divisor of 22884 and 156?
12
What is the greatest common divisor of 675 and 6831?
27
What is the highest common factor of 1145157 and 208?
13
What is the greatest common divisor of 81744 and 520?
104
Calculate the highest common factor of 71451 and 9.
9
What is the greatest common factor of 350119 and 154?
77
Calculate the greatest common factor of 1344 and 155568.
336
Calculate the highest common factor of 13141 and 272.
17
What is the greatest common factor of 27 and 6273?
9
Calculate the highest common factor of 76744 and 362.
362
What is the highest common factor of 54305 and 25?
5
Calculate the greatest common divisor of 45066 and 3451.
203
Calculate the greate